e factors of 5248.
2, 41
What are the prime factors of 443?
443
What are the prime factors of 214?
2, 107
What are the prime factors of 44667?
3, 7, 709
List the prime factors of 59658.
2, 3, 61, 163
List the prime factors of 3962.
2, 7, 283
What are the prime factors of 41505?
3, 5, 2767
What are the prime factors of 6460?
2, 5, 17, 19
List the prime factors of 43716.
2, 3, 3643
List the prime factors of 2225.
5, 89
What are the prime factors of 40?
2, 5
What are the prime factors of 124878?
2, 3, 13, 1601
List the prime factors of 3244.
2, 811
List the prime factors of 9327.
3, 3109
What are the prime factors of 41125?
5, 7, 47
List the prime factors of 1963.
13, 151
List the prime factors of 2096.
2, 131
List the prime factors of 440.
2, 5, 11
What are the prime factors of 7804?
2, 1951
List the prime factors of 2806.
2, 23, 61
List the prime factors of 2835.
3, 5, 7
List the prime factors of 23.
23
List the prime factors of 2182.
2, 1091
What are the prime factors of 6814?
2, 3407
List the prime factors of 2551.
2551
What are the prime factors of 1498?
2, 7, 107
What are the prime factors of 1372?
2, 7
List the prime factors of 2882.
2, 11, 131
What are the prime factors of 293?
293
What are the prime factors of 780?
2, 3, 5, 13
List the prime factors of 1705.
5, 11, 31
List the prime factors of 2243.
2243
What are the prime factors of 41072?
2, 17, 151
What are the prime factors of 25862?
2, 67, 193
List the prime factors of 99054.
2, 3, 5503
What are the prime factors of 122883?
3, 40961
List the prime factors of 56976.
2, 3, 1187
List the prime factors of 624.
2, 3, 13
List the prime factors of 1274.
2, 7, 13
What are the prime factors of 9245?
5, 43
What are the prime factors of 111475?
5, 7, 13
List the prime factors of 104717.
104717
What are the prime factors of 584?
2, 73
List the prime factors of 1415.
5, 283
List the prime factors of 2231.
23, 97
List the prime factors of 7314.
2, 3, 23, 53
What are the prime factors of 1154?
2, 577
List the prime factors of 17000.
2, 5, 17
List the prime factors of 9230.
2, 5, 13, 71
What are the prime factors of 1595?
5, 11, 29
List the prime factors of 4858.
2, 7, 347
What are the prime factors of 16512?
2, 3, 43
List the prime factors of 2128.
2, 7, 19
What are the prime factors of 394?
2, 197
What are the prime factors of 65454?
2, 3, 10909
List the prime factors of 5356.
2, 13, 103
List the prime factors of 20714.
2, 10357
List the prime factors of 3869.
53, 73
List the prime factors of 44586.
2, 3, 2477
What are the prime factors of 716?
2, 179
What are the prime factors of 1262?
2, 631
List the prime factors of 11093.
11093
What are the prime factors of 7131?
3, 2377
List the prime factors of 342.
2, 3, 19
What are the prime factors of 934?
2, 467
What are the prime factors of 2195?
5, 439
What are the prime factors of 32496?
2, 3, 677
List the prime factors of 1645.
5, 7, 47
What are the prime factors of 42170?
2, 5, 4217
List the prime factors of 17276.
2, 7, 617
List the prime factors of 6471.
3, 719
List the prime factors of 1060.
2, 5, 53
List the prime factors of 6352.
2, 397
List the prime factors of 1875.
3, 5
What are the prime factors of 106843?
11, 883
List the prime factors of 3128.
2, 17, 23
What are the prime factors of 5223?
3, 1741
List the prime factors of 24036.
2, 3, 2003
List the prime factors of 325.
5, 13
List the prime factors of 10050.
2, 3, 5, 67
List the prime factors of 591.
3, 197
What are the prime factors of 958?
2, 479
List the prime factors of 100760.
2, 5, 11, 229
What are the prime factors of 6207?
3, 2069
List the prime factors of 17988.
2, 3, 1499
What are the prime factors of 15041?
13, 89
What are the prime factors of 15275?
5, 13, 47
What are the prime factors of 26337?
3, 8779
What are the prime factors of 2722?
2, 1361
List the prime factors of 4576.
2, 11, 13
What are the prime factors of 2234?
2, 1117
List the prime factors of 66328.
2, 8291
What are the prime factors of 1249?
1249
List the prime factors of 736.
2, 23
List the prime factors of 3505.
5, 701
What are the prime factors of 545?
5, 109
List the prime factors of 36564.
2, 3, 11, 277
What are the prime factors of 905?
5, 181
List the prime factors of 77.
7, 11
List the prime factors of 52528.
2, 7, 67
What are the prime factors of 780?
2, 3, 5, 13
List the prime factors of 75010.
2, 5, 13, 577
What are the prime factors of 39535?
5, 7907
What are the prime factors of 1317?
3, 439
What are the prime factors of 4601?
43, 107
List the prime factors of 23379.
3, 7793
What are the prime factors of 60?
2, 3, 5
List the prime factors of 22424.
2, 2803
What are the prime factors of 5102?
2, 2551
List the prime factors of 17110.
2, 5, 29, 59
List the prime factors of 25931.
25931
What are the prime factors of 74756?
2, 11, 1699
List the prime factors of 2536.
2, 317
What are the prime factors of 73379?
73379
List the prime factors of 1291.
1291
List the prime factors of 18524.
2, 11, 421
What are the prime factors of 10227?
3, 7, 487
What are the prime factors of 14?
2, 7
What are the prime factors of 4071?
3, 23, 59
List the prime factors of 10322.
2, 13, 397
List the prime factors of 2075.
5, 83
What are the prime factors of 20004?
2, 3, 1667
List the prime factors of 38375.
5, 307
What are the prime factors of 12612?
2, 3, 1051
List the prime factors of 60440.
2, 5, 1511
What are the prime factors of 41217?
3, 11, 1249
What are the prime factors of 25872?
2, 3, 7, 11
What are the prime factors of 1042?
2, 521
List the prime factors of 98677.
101, 977
List the prime factors of 569.
569
What are the prime factors of 6483?
3, 2161
What are the prime factors of 299?
13, 23
List the prime factors of 3824.
2, 239
List the prime factors of 4064.
2, 127
What are the prime factors of 34088?
2, 4261
List the prime factors of 2076.
2, 3, 173
What are the prime factors of 32209?
31, 1039
What are the prime factors of 94794?
2, 3, 7, 37, 61
What are the prime factors of 5108?
2, 1277
List the prime factors of 3582.
2, 3, 199
List the prime factors of 66418.
2, 11, 3019
List the prime factors of 9493.
11, 863
What are the prime factors of 25536?
2, 3, 7, 19
List the prime factors of 10825.
5, 433
What are the prime factors of 626?
2, 313
List the prime factors of 66050.
2, 5, 1321
What are the prime factors of 4187?
53, 79
What are the prime factors of 188?
2, 47
What are the prime factors of 11026?
2, 37, 149
What are the prime factors of 1409?
1409
List the prime factors of 96292.
2, 7, 19, 181
List the prime factors of 4537.
13, 349
List the prime factors of 3015.
3, 5, 67
List the prime factors of 1622.
2, 811
List the prime factors of 1037.
17, 61
List the prime factors of 12359.
17, 727
List the prime factors of 4927.
13, 379
What are the prime factors of 3442?
2, 1721
List the prime factors of 2222.
2, 11, 101
List the prime factors of 3693.
3, 1231
What are the prime factors of 1932?
2, 3, 7, 23
List the prime factors of 158740.
2, 5, 7937
List the prime factors of 918.
2, 3, 17
List the prime factors of 1749.
3, 11, 53
What are the prime factors of 1404?
2, 3, 13
List the prime factors of 1784.
2, 223
What are the prime factors of 128520?
2, 3, 5, 7, 17
What are the prime factors of 70322?
2, 7, 5023
What are the prime factors of 1958?
2, 11, 89
What are the prime factors of 105?
3, 5, 7
List the prime factors of 5696.
2, 89
List the prime factors of 13588.
2, 43, 79
What are the prime factors of 83751?
3, 27917
What are the prime factors of 972?
2, 3
What are the prime factors of 128825?
5, 5153
List the prime factors of 8737.
8737
What are the prime factors of 557?
557
List the prime factors of 793.
13, 61
What are the prime factors of 51078?
2, 3, 8513
List the prime factors of 180799.
180799
List the prime factors of 1140.
2, 3, 5, 19
List the prime factors of 649.
11, 59
What are the prime factors of 991?
991
List the prime factors of 2636.
2, 659
What are the prime factors of 26057?
71, 367
What are the prime factors of 7369?
7369
What are the prime factors of 9090?
2, 3, 5, 101
List the prime factors of 107201.
107201
List the prime factors of 607.
607
List the prime factors of 1948.
2, 487
List the prime factors of 882.
2, 3, 7
List the prime factors of 91.
7, 13
What are the prime fa